*1/4. Suppose -k - d*m = -0*m, -2*k - 2*m = -4. What is the units digit of p(k)?
0
Suppose -y + 8446 = 3*q + 3136, 5*q - 3*y - 8836 = 0. What is the tens digit of q?
6
Suppose 2*u + i - 476 = 0, -700 = -3*u + 3*i - 8*i. What is the tens digit of u?
4
Let z = 205 + -355. Let j be ((-2)/3)/(2/z). Suppose 0*l - 5*l + j = 0. What is the units digit of l?
0
Let x = -277 + 672. What is the units digit of x?
5
Let f(k) = k**2 + 30*k - 49. What is the hundreds digit of f(-39)?
3
What is the units digit of ((1338 - -1) + -2)*1 + 6?
3
Suppose 3*y + b = -3*b - 153, -y - 5*b - 51 = 0. Let x = -21 - y. Suppose 3*s = x + 45. What is the tens digit of s?
2
Let v be 1/1*-1 - -3. Suppose 11 = 3*h + v. Suppose -45 = -h*l + 3*s, 3*l - 5*s - 54 = -9. What is the tens digit of l?
1
Let p(z) = -3*z - 21. Let k be p(-7). Let y(h) = h**3 - h**2 + 2*h + 40. What is the tens digit of y(k)?
4
Suppose 4*f = 3559 + 293. What is the units digit of f?
3
Let r(w) = -w - 8*w + 15 + 6*w. What is the tens digit of r(-16)?
6
Suppose -4*o + 11 = -5. Let l be (5 - 1)*(o - 3). Suppose 59 = 3*f + 4*b, 2*f - l*b + 2*b = 44. What is the units digit of f?
1
Let z = -9 + 24. Suppose -2*r = -2*p + 5*p - 2, 0 = 3*r + z. Suppose 12 = p*d - 4. What is the units digit of d?
4
Let s(b) = 281*b**2 - 1. Let n = 139 - 140. What is the tens digit of s(n)?
8
Suppose -5*t = -3*t + 4*s, 3*t + 55 = 5*s. Suppose 70 = -3*k + 8*k. Let z = t + k. What is the units digit of z?
4
Suppose 4*b = -4*o - 44, 0*o = b - 5*o + 5. Let y(r) be the first derivative of r**3/3 + 3*r**2 - 13*r - 1. What is the tens digit of y(b)?
2
Let y(l) be the first derivative of l**3/3 - 4*l**2 - 8*l - 1. Suppose 0 = 4*s - 4, -o - 3*s + 4 + 9 = 0. What is the units digit of y(o)?
2
Let l(n) = 8*n - 1. Let y(k) = -41*k + 5. Let o = -11 + 9. Let a(v) = o*y(v) - 11*l(v). What is the units digit of a(-1)?
7
Suppose -4*n - 3*n + 35 = 0. What is the units digit of (((-648)/(-10))/(-2))/((-2)/n)?
1
Suppose 11*f = 26 - 26. Suppose -25 + 7 = -4*k - 2*v, 2 = k - 2*v. Suppose k*q - 64 - 4 = f. What is the tens digit of q?
1
Let m(x) = 2*x**2 + 10*x + 9. Let d be m(-5). Let f = d + 50. What is the units digit of f?
9
Let p be 8/(-3) - 8/24. Let l be 1/((-2)/(-162)) - p. Let g = l - 56. What is the units digit of g?
8
Let t(s) = 2*s**2 - 9*s - s**2 - 5*s**2 + 3*s**2. Let r be t(-9). Suppose r*y - y + 59 = 3*b, -3*y - 83 = -4*b. What is the tens digit of b?
2
Let m = -2218 - -3148. What is the hundreds digit of m?
9
What is the tens digit of 24/72 + (-16910)/(-3) - 8?
2
Let l(w) = w**3 + 8*w**2 - 2*w - 12. Let m be l(-8). Let u(q) = q + 4. Let i be u(-7). Let d = m + i. What is the units digit of d?
1
Suppose -4*k + 58 - 50 = 0. What is the tens digit of (478/k)/((-5 - -3) + 3)?
3
What is the hundreds digit of 2788 + ((-8)/12 - 5/(-3))?
7
Suppose -4*b = -2*r - 2*r - 160, -5*r = -2*b + 83. Let q be (-6)/b - 600/(-13). What is the units digit of (-38)/209 + q/11?
4
Let o(l) = 3 - 8*l - 6*l**2 - 3*l**3 - 3*l**3 - 6. Let s be o(-3). Suppose -3*q + 143 = -2*i, -2*q - 33 = -2*i - s. What is the tens digit of q?
4
Let m be (-1)/((-1)/2*(-2)/(-5)). Suppose 174 = 3*i - 3*n, -5*i + 58 = m*n - 272. What is the tens digit of i?
6
Let h = -14 - -1. Let k = 44 + h. Let x = 86 - k. What is the tens digit of x?
5
Suppose 19*p + 1039 = 10805. What is the hundreds digit of p?
5
What is the units digit of 3 - (4/22 - (-69656)/(-22))?
9
Let n(b) = b**2 + 6*b + 6. Let k be n(-4). Let v(q) = -6*q. Let t be v(k). What is the tens digit of 196/t*3 - 1?
4
Let w be (-24)/9*3/(-2). Suppose 83 = w*g - 5*c, 19 = 2*g + 4*c + c. Suppose 2*v - 164 = -5*d, 2*d - 39 - g = -4*v. What is the units digit of d?
4
Let l(k) = 64*k + 6. Let x be l(2). Suppose -v + x = -r, 412 = 3*v + 3*r - 4*r. Suppose -3*j - 37 = -v. What is the units digit of j?
4
Suppose p = -5*o + 1, 0*p - 2*p - o = 16. Let r be (-2)/p - 17350/(-90). Suppose -52 = -5*i + r. What is the units digit of i?
9
Suppose -20 = -2*c + 5*y, 0*c + 5*c - 12 = 3*y. Let g be 7 - 0 - (c + 3). Let x(v) = 3*v**2 - 5*v + 10. What is the tens digit of x(g)?
3
Let r = -434 + 337. Suppose 2 = -0*f - f. What is the tens digit of (-6)/12 + r/f?
4
What is the tens digit of 176/11 + 3*6/(-9)?
1
Let m(b) = 8*b**2 + 25*b + 83. What is the tens digit of m(-15)?
0
Let y(k) = -k**3 - 55*k**2 - 75*k + 66. What is the units digit of y(-55)?
1
Suppose 2*r + 36 = -3*w, w + 2*w + 4*r + 42 = 0. Let t be ((-27)/45)/(2/w). Let d(l) = 6*l + 4. What is the tens digit of d(t)?
2
What is the hundreds digit of (1368/95)/(12/2560)?
0
Let p(w) = -w**2 + 7*w - 3. Let t be p(3). Let d = 71 + -27. Suppose 3*l - 5*i - d = 11, l + 3*i - t = 0. What is the units digit of l?
5
Let u(g) = -33*g + 228. What is the thousands digit of u(-43)?
1
Let v(a) = -3*a - 10. Let l be v(-4). Suppose 0*b + 23 = -b + l*q, -10 = -5*q. What is the tens digit of -1*(b - (3 + -5))?
1
Let b(n) = n**2 - 11*n - 6. Let s be b(12). Let j(f) = 2*f**2 - 5*f + 5. What is the tens digit of j(s)?
4
Suppose -2*p + 5*q = 0, -2*q = -3*p - 0*q. Let m(t) = p*t - 11 - t + 26 + 0. What is the units digit of m(12)?
3
Let o(l) = -12*l**2 + 31*l**2 - 8*l**2 - 12*l**2 + 1. Let j(p) = 28*p**2 + 2*p - 3. Let k(c) = j(c) + 4*o(c). What is the tens digit of k(-1)?
2
Suppose 6*n - 1987 - 2531 = 0. What is the hundreds digit of n?
7
Let f = 136 + 282. What is the hundreds digit of f?
4
Let t be (-1 - -2)*2 + -1. Let p be 7/((-14)/8)*t. Let h(c) = -c**3 - 3*c**2 + 2*c - 3. What is the units digit of h(p)?
5
Let i(r) = 67*r**2 + 6*r + 9. What is the units digit of i(-3)?
4
Suppose 2*d + 3*d - 23 = -2*a, 3*a = d + 9. Suppose 3*g = -d*t + 216, -g + t + 78 = -4*t. Let h = g - 49. What is the tens digit of h?
2
Let f = 25 + 400. What is the hundreds digit of 7/(5*5/f)?
1
Let m(f) = -7*f - 24. Let w be m(-4). Suppose -3*g - w*d + 205 = 0, 0 = -2*g + 4*d + 98 + 72. What is the tens digit of g?
7
Let m be (0/(-2) + 0)/(-1). Let a(u) = -2*u**2 - 16*u + 23. Let q be a(-9). Suppose q*y + m*y = 20. What is the units digit of y?
4
Let r(b) = 350*b + 23. What is the units digit of r(2)?
3
What is the tens digit of 14102/(-44)*(-2)/1?
4
Let c(k) = -159*k + 10. What is the hundreds digit of c(-3)?
4
Suppose 3*x + 2*w = 2, x = 3*x - 4*w - 12. Let b(n) = 2*n**3 - 2*n**2 - 3. Let s be b(x). Let u(j) = j**2 - j + 11. What is the units digit of u(s)?
1
Let k(b) = -2*b**2 + 5*b - 3. Let u be k(2). What is the tens digit of (-26)/(-1) + (u - -1)?
2
Let z(y) = y**2 + 6*y + 7. Let n be z(-6). Let d = n + -11. Let o(s) = s**2 + 5. What is the tens digit of o(d)?
2
Let b = -2083 + 3539. What is the hundreds digit of b?
4
Let o be 2/(-1)*3/2. Suppose -4*p = -3*z + 119 + 28, -3*p + z = 109. What is the units digit of o/2*192/p?
8
Let u be (0/(-1 + -5))/(2 - 1). Suppose -19 = -m - 3*g + 25, u = 3*g. What is the units digit of m?
4
Suppose -34 - 6 = -10*z. Suppose 0 = 5*j - z*r - 873, 4*j + 3*r - 684 = -r. What is the units digit of j?
3
Let f(p) = -p**3 + 4*p**2 + 4*p + 1. Let h be f(5). Let u(v) = -2*v**3 + 3*v**2 + 9*v + 6. What is the tens digit of u(h)?
4
Let t(j) = 2*j**3 - 3*j**2 - 15*j - 12. What is the thousands digit of t(9)?
1
Let v = -29 - -14. Let f be (v/2)/((-14)/84). Suppose 4*t = 2*t + 5*i + f, -4*t = i - 79. What is the tens digit of t?
2
Suppose 0 = -4*b + 36 - 8. Let n(h) = -2*h**3 + 4*h**3 - 1 + 6*h**2 - 3*h**3 + b. What is the units digit of n(6)?
6
Suppose -17*t + 1100 = -12*t. Suppose 0 = m - 5*m + t. Let f = m - 32. What is the tens digit of f?
2
Let c(f) = f**3 + 6*f**2 + 5*f + 4. Let y be c(-5). Suppose -4*u + y = -u - 4*p, -5*u + 4*p = -4. Suppose u = -3*o - 2*o + 75. What is the tens digit of o?
1
Let l be (-5)/(10/(-3))*6. Let k(s) = 4*s**2 - 6*s - 11. Let d(w) = 2*w**2 - 3*w - 5. Let b(f) = l*d(f) - 4*k(f). What is the tens digit of b(-3)?
2
Let z = -14 - -19. Suppose z*a - 5*j + 60 = -0*j, 0 = -5*j. What is the tens digit of (-2)/((7/a)/7)?
2
Let s = -57 - -760. What is the tens digit of s?
0
Let x(u) = -u**3 - 3*u**2 - 4*u - 2. Let r be x(-2). Let s = -3 + r. What is the units digit of ((s - -3) + -6)/(-1)?
4
Suppose 0 = -s - 3*s + 16. Suppose 0 = -k + h + 49, 0 = -s*k - 0*h + 3*h + 191. What is the units digit of k?
4
Let k(g) = 78*g**2 - 2*g - 1. Let w be k(-2). Let h(c) = -c**3 - 6*c**2 + 5*c - 12. Let